en 3201 is divided by 36?
33
What is the remainder when 519 is divided by 20?
19
Calculate the remainder when 280 is divided by 50.
30
Calculate the remainder when 193 is divided by 13.
11
Calculate the remainder when 113 is divided by 31.
20
What is the remainder when 135 is divided by 24?
15
Calculate the remainder when 428 is divided by 137.
17
Calculate the remainder when 70 is divided by 16.
6
Calculate the remainder when 2586 is divided by 13.
12
Calculate the remainder when 40 is divided by 6.
4
Calculate the remainder when 2501 is divided by 101.
77
What is the remainder when 58 is divided by 37?
21
Calculate the remainder when 2673 is divided by 107.
105
What is the remainder when 1752 is divided by 39?
36
Calculate the remainder when 693 is divided by 70.
63
What is the remainder when 1915 is divided by 118?
27
Calculate the remainder when 151 is divided by 64.
23
What is the remainder when 1373 is divided by 233?
208
Calculate the remainder when 13217 is divided by 152.
145
Calculate the remainder when 87 is divided by 19.
11
What is the remainder when 616 is divided by 25?
16
Calculate the remainder when 381 is divided by 44.
29
What is the remainder when 553 is divided by 90?
13
Calculate the remainder when 80 is divided by 14.
10
Calculate the remainder when 1034 is divided by 11.
0
What is the remainder when 1139 is divided by 107?
69
What is the remainder when 522 is divided by 15?
12
Calculate the remainder when 160 is divided by 41.
37
Calculate the remainder when 319 is divided by 307.
12
What is the remainder when 18939 is divided by 296?
291
What is the remainder when 1231 is divided by 22?
21
What is the remainder when 5044 is divided by 174?
172
What is the remainder when 496 is divided by 125?
121
What is the remainder when 1419 is divided by 164?
107
Calculate the remainder when 290 is divided by 94.
8
Calculate the remainder when 221 is divided by 74.
73
Calculate the remainder when 1623 is divided by 3.
0
What is the remainder when 623 is divided by 104?
103
What is the remainder when 96 is divided by 11?
8
Calculate the remainder when 73 is divided by 17.
5
What is the remainder when 143 is divided by 72?
71
What is the remainder when 1469 is divided by 64?
61
What is the remainder when 110 is divided by 23?
18
What is the remainder when 656 is divided by 6?
2
What is the remainder when 690 is divided by 126?
60
Calculate the remainder when 286 is divided by 21.
13
What is the remainder when 319 is divided by 14?
11
What is the remainder when 117 is divided by 10?
7
Calculate the remainder when 389 is divided by 159.
71
What is the remainder when 547 is divided by 537?
10
Calculate the remainder when 2975 is divided by 16.
15
What is the remainder when 328 is divided by 107?
7
What is the remainder when 3386 is divided by 242?
240
Calculate the remainder when 31 is divided by 2.
1
What is the remainder when 403 is divided by 41?
34
What is the remainder when 1681 is divided by 33?
31
What is the remainder when 53 is divided by 33?
20
Calculate the remainder when 81 is divided by 33.
15
What is the remainder when 458 is divided by 103?
46
What is the remainder when 980 is divided by 4?
0
What is the remainder when 3267 is divided by 76?
75
Calculate the remainder when 74 is divided by 21.
11
What is the remainder when 270 is divided by 7?
4
Calculate the remainder when 56 is divided by 12.
8
Calculate the remainder when 6960 is divided by 59.
57
Calculate the remainder when 140 is divided by 29.
24
Calculate the remainder when 67 is divided by 22.
1
What is the remainder when 464 is divided by 40?
24
Calculate the remainder when 140 is divided by 18.
14
What is the remainder when 1034 is divided by 61?
58
Calculate the remainder when 1208 is divided by 136.
120
Calculate the remainder when 1682 is divided by 75.
32
What is the remainder when 853 is divided by 15?
13
Calculate the remainder when 14 is divided by 7.
0
What is the remainder when 819 is divided by 124?
75
What is the remainder when 639 is divided by 70?
9
What is the remainder when 515 is divided by 29?
22
What is the remainder when 182 is divided by 28?
14
Calculate the remainder when 10 is divided by 6.
4
What is the remainder when 4042 is divided by 7?
3
Calculate the remainder when 143 is divided by 48.
47
What is the remainder when 36 is divided by 27?
9
What is the remainder when 323 is divided by 84?
71
Calculate the remainder when 528 is divided by 54.
42
What is the remainder when 258 is divided by 63?
6
What is the remainder when 1973 is divided by 1?
0
Calculate the remainder when 4698 is divided by 20.
18
Calculate the remainder when 3604 is divided by 19.
13
Calculate the remainder when 47 is divided by 16.
15
What is the remainder when 1877 is divided by 47?
44
Calculate the remainder when 217 is divided by 22.
19
Calculate the remainder when 287 is divided by 253.
34
Calculate the remainder when 166 is divided by 7.
5
What is the remainder when 1093 is divided by 15?
13
Calculate the remainder when 652 is divided by 47.
41
Calculate the remainder when 668 is divided by 140.
108
Calculate the remainder when 164 is divided by 56.
52
Calculate the remainder when 505 is divided by 34.
29
What is the remainder when 933 is divided by 104?
101
Calculate the remainder when 360 is divided by 73.
68
What is the remainder when 259 is divided by 222?
37
What is the remainder when 636 is divided by 315?
6
What is the remainder when 461 is divided by 287?
174
What is the remainder when 422 is divided by 17?
14
Calculate the remainder when 4374 is divided by 870.
24
What is the remainder when 10467 is divided by 77?
72
What is the remainder when 197 is divided by 29?
23
Calculate the remainder when 366 is divided by 53.
48
What is the remainder when 3 is divided by 1?
0
Calculate the remainder when 573 is divided by 64.
61
What is the remainder when 16 is divided by 11?
5
Calculate the remainder when 2775 is divided by 28.
3
What is the remainder when 250 is divided by 70?
40
What is the remainder when 162 is divided by 149?
13
What is the remainder when 416 is divided by 70?
66
Calculate the remainder when 182 is divided by 50.
32
Calculate the remainder when 389 is divided by 19.
9
Calculate the remainder when 95 is divided by 12.
11
What is the remainder when 5241 is divided by 23?
20
What is the remainder when 402 is divided by 34?
28
Calculate the remainder when 68 is divided by 53.
15
What is the remainder when 296 is divided by 28?
16
Calculate the remainder when 298 is divided by 7.
4
Calculate the remainder when 420 is divided by 139.
3
Calculate the remainder when 727 is divided by 14.
13
What is the remainder when 74 is divided by 54?
20
Calculate the remainder when 5281 is divided by 3.
1
Calculate the remainder when 287 is divided by 4.
3
What is the remainder when 154 is divided by 50?
4
What is the remainder when 2510 is divided by 248?
30
What is the remainder when 628 is divided by 35?
33
What is the remainder when 127 is divided by 35?
22
Calculate the remainder when 491 is divided by 26.
23
What is the remainder when 231 is divided by 50?
31
Calculate the remainder when 3379 is divided by 44.
35
Calculate the remainder when 387 is divided by 103.
78
What is the remainder when 574 is divided by 16?
14
What is the remainder when 191 is divided by 175?
16
Calculate the remainder when 781 is divided by 5.
1
Calculate the remainder when 1724 is divided by 18.
14
What is the remainder when 220 is divided by 49?
24
What is the remainder when 742 is divided by 34?
28
What is the remainder when 615 is divided by 20?
15
Calculate the remainder when 611 is divided by 120.
11
What is the remainder when 796 is divided by 14?
12
What is the remainder when 12649 is divided by 112?
105
What is the remainder when 357 is divided by 206?
151
What is the remainder when 1243 is divided by 43?
39
What is the remainder when 1511 is divided by 404?
299
Calculate the remainder when 204 is divided by 67.
3
Calculate the remainder when 1121 is divided by 75.
71
Calculate the remainder when 1493 is divided by 292.
33
Calculate the remainder when 2138 is divided by 34.
30
Calculate the remainder when 482 is divided by 22.
20
What is the remainder when 1096 is